{"id":165,"date":"2016-06-08T17:03:08","date_gmt":"2016-06-08T16:03:08","guid":{"rendered":"https:\/\/mht.pt\/?page_id=165"},"modified":"2016-11-29T11:19:26","modified_gmt":"2016-11-29T11:19:26","slug":"formacao-profissional","status":"publish","type":"page","link":"https:\/\/mht.pt\/?page_id=165","title":{"rendered":"Forma\u00e7\u00e3o Profissional"},"content":{"rendered":"<p>[et_pb_section admin_label=&#8221;Section&#8221; fullwidth=&#8221;off&#8221; specialty=&#8221;off&#8221; background_image=&#8221;https:\/\/mht.pt\/wp-content\/uploads\/2016\/05\/formac\u0327ao.jpg&#8221; transparent_background=&#8221;off&#8221; background_color=&#8221;#ffffff&#8221; allow_player_pause=&#8221;off&#8221; inner_shadow=&#8221;off&#8221; parallax=&#8221;off&#8221; parallax_method=&#8221;off&#8221; padding_mobile=&#8221;off&#8221; make_fullwidth=&#8221;off&#8221; use_custom_width=&#8221;off&#8221; width_unit=&#8221;on&#8221; make_equal=&#8221;off&#8221; use_custom_gutter=&#8221;off&#8221;][et_pb_row admin_label=&#8221;Row&#8221;][et_pb_column type=&#8221;4_4&#8243;][et_pb_text admin_label=&#8221;Text&#8221; background_layout=&#8221;light&#8221; text_orientation=&#8221;center&#8221; use_border_color=&#8221;off&#8221; border_color=&#8221;#ffffff&#8221; border_style=&#8221;solid&#8221;]<\/p>\n<h1>Forma\u00e7\u00e3o Profissional<\/h1>\n<p>[\/et_pb_text][\/et_pb_column][\/et_pb_row][\/et_pb_section][et_pb_section admin_label=&#8221;section&#8221;][et_pb_row admin_label=&#8221;Row&#8221;][et_pb_column type=&#8221;2_3&#8243;][et_pb_text admin_label=&#8221;Text&#8221; background_layout=&#8221;light&#8221; text_orientation=&#8221;left&#8221; use_border_color=&#8221;off&#8221; border_color=&#8221;#ffffff&#8221; border_style=&#8221;solid&#8221;]<\/p>\n<p>O C\u00f3digo do Trabalho (CT), Lei 7\/2009, diz-nos que todas as empresas devem assegurar a cada um dos seus trabalhadores um m\u00ednimo de 35 horas anuais de forma\u00e7\u00e3o profissional cont\u00ednua (art.\u00ba 131\u00ba).<\/p>\n<p>Na \u00e1rea da Seguran\u00e7a e Sa\u00fade do Trabalho, podemos ainda ver no CT que o empregador deve assegurar forma\u00e7\u00e3o adequada que habilite os trabalhadores a prevenir os riscos associados \u00e0 respetiva atividade (art.\u00ba 282\u00ba) e na Lei 102\/2009 (alterada pela Lei 3\/2014) temos que o trabalhador deve receber uma forma\u00e7\u00e3o adequada no dom\u00ednio da seguran\u00e7a e sa\u00fade no trabalho, tendo em aten\u00e7\u00e3o o posto de trabalho, e que o empregador deve formar, em n\u00famero suficiente, tendo em conta a dimens\u00e3o da empresa e os riscos existentes, os trabalhadores respons\u00e1veis pela aplica\u00e7\u00e3o das medidas de primeiros socorros, de combate a inc\u00eandios e de evacua\u00e7\u00e3o de trabalhadores (art.\u00ba 20\u00ba).<\/p>\n<p>A M.H.T. conta com a colabora\u00e7\u00e3o de formadores experientes e habilitados a formar os trabalhadores da sua empresa.<\/p>\n<p>&nbsp;<\/p>\n<p><strong>\u00c1reas de forma\u00e7\u00e3o dispon\u00edveis:<\/strong><\/p>\n<ul>\n<li>Primeiros Socorros e Suporte B\u00e1sico de Vida<\/li>\n<li>Meios de Combate a Inc\u00eandio e Procedimentos de Evacua\u00e7\u00e3o<\/li>\n<li>Seguran\u00e7a e Sa\u00fade no Trabalho<\/li>\n<li>Ergonomia<\/li>\n<li>Outras<\/li>\n<\/ul>\n<p>[\/et_pb_text][\/et_pb_column][et_pb_column type=&#8221;1_3&#8243;][et_pb_image admin_label=&#8221;Image&#8221; src=&#8221;https:\/\/mht.pt\/wp-content\/uploads\/2016\/06\/1378133336-f.jpg&#8221; show_in_lightbox=&#8221;off&#8221; url_new_window=&#8221;off&#8221; use_overlay=&#8221;off&#8221; animation=&#8221;left&#8221; sticky=&#8221;off&#8221; align=&#8221;left&#8221; force_fullwidth=&#8221;off&#8221; always_center_on_mobile=&#8221;on&#8221; use_border_color=&#8221;off&#8221; border_color=&#8221;#ffffff&#8221; border_style=&#8221;solid&#8221;] [\/et_pb_image][\/et_pb_column][\/et_pb_row][\/et_pb_section]<\/p>\n","protected":false},"excerpt":{"rendered":"<p>[et_pb_section admin_label=&#8221;Section&#8221; fullwidth=&#8221;off&#8221; specialty=&#8221;off&#8221; background_image=&#8221;https:\/\/mht.pt\/wp-content\/uploads\/2016\/05\/formac\u0327ao.jpg&#8221; transparent_background=&#8221;off&#8221; background_color=&#8221;#ffffff&#8221; allow_player_pause=&#8221;off&#8221; inner_shadow=&#8221;off&#8221; parallax=&#8221;off&#8221; parallax_method=&#8221;off&#8221; padding_mobile=&#8221;off&#8221; make_fullwidth=&#8221;off&#8221; use_custom_width=&#8221;off&#8221; width_unit=&#8221;on&#8221; make_equal=&#8221;off&#8221; use_custom_gutter=&#8221;off&#8221;][et_pb_row admin_label=&#8221;Row&#8221;][et_pb_column type=&#8221;4_4&#8243;][et_pb_text admin_label=&#8221;Text&#8221; background_layout=&#8221;light&#8221; text_orientation=&#8221;center&#8221; use_border_color=&#8221;off&#8221; border_color=&#8221;#ffffff&#8221; border_style=&#8221;solid&#8221;] Forma\u00e7\u00e3o Profissional [\/et_pb_text][\/et_pb_column][\/et_pb_row][\/et_pb_section][et_pb_section admin_label=&#8221;section&#8221;][et_pb_row admin_label=&#8221;Row&#8221;][et_pb_column type=&#8221;2_3&#8243;][et_pb_text admin_label=&#8221;Text&#8221; background_layout=&#8221;light&#8221; text_orientation=&#8221;left&#8221; use_border_color=&#8221;off&#8221; border_color=&#8221;#ffffff&#8221; border_style=&#8221;solid&#8221;] O C\u00f3digo do Trabalho (CT), Lei 7\/2009, diz-nos que todas as empresas devem assegurar a cada um dos [&hellip;]<\/p>\n","protected":false},"author":1,"featured_media":0,"parent":50,"menu_order":0,"comment_status":"closed","ping_status":"closed","template":"","meta":{"footnotes":""},"_links":{"self":[{"href":"https:\/\/mht.pt\/index.php?rest_route=\/wp\/v2\/pages\/165"}],"collection":[{"href":"https:\/\/mht.pt\/index.php?rest_route=\/wp\/v2\/pages"}],"about":[{"href":"https:\/\/mht.pt\/index.php?rest_route=\/wp\/v2\/types\/page"}],"author":[{"embeddable":true,"href":"https:\/\/mht.pt\/index.php?rest_route=\/wp\/v2\/users\/1"}],"replies":[{"embeddable":true,"href":"https:\/\/mht.pt\/index.php?rest_route=%2Fwp%2Fv2%2Fcomments&post=165"}],"version-history":[{"count":8,"href":"https:\/\/mht.pt\/index.php?rest_route=\/wp\/v2\/pages\/165\/revisions"}],"predecessor-version":[{"id":339,"href":"https:\/\/mht.pt\/index.php?rest_route=\/wp\/v2\/pages\/165\/revisions\/339"}],"up":[{"embeddable":true,"href":"https:\/\/mht.pt\/index.php?rest_route=\/wp\/v2\/pages\/50"}],"wp:attachment":[{"href":"https:\/\/mht.pt\/index.php?rest_route=%2Fwp%2Fv2%2Fmedia&parent=165"}],"curies":[{"name":"wp","href":"https:\/\/api.w.org\/{rel}","templated":true}]}}

Formação Profissional

<p>[et_pb_section admin_label=&#8221;Section&#8221; fullwidth=&#8221;off&#8221; specialty=&#8221;off&#8221; background_image=&#8221;https://mht.pt/wp-content/uploads/2016/05/formaçao.jpg&#8221; transparent_background=&#8221;off&#8221; background_color=&#8221;#ffffff&#8221; allow_player_pause=&#8221;off&#8221; inner_shadow=&#8221;off&#8221; parallax=&#8221;off&#8221; parallax_method=&#8221;off&#8221; padding_mobile=&#8221;off&#8221; make_fullwidth=&#8221;off&#8221; use_custom_width=&#8221;off&#8221; width_unit=&#8221;on&#8221; make_equal=&#8221;off&#8221; use_custom_gutter=&#8221;off&#8221;][et_pb_row admin_label=&#8221;Row&#8221;][et_pb_column type=&#8221;4_4&#8243;][et_pb_text admin_label=&#8221;Text&#8221; background_layout=&#8221;light&#8221; text_orientation=&#8221;center&#8221; use_border_color=&#8221;off&#8221; border_color=&#8221;#ffffff&#8221; border_style=&#8221;solid&#8221;]</p>
<h1>Formação Profissional</h1>
<p>[/et_pb_text][/et_pb_column][/et_pb_row][/et_pb_section][et_pb_section admin_label=&#8221;section&#8221;][et_pb_row admin_label=&#8221;Row&#8221;][et_pb_column type=&#8221;2_3&#8243;][et_pb_text admin_label=&#8221;Text&#8221; background_layout=&#8221;light&#8221; text_orientation=&#8221;left&#8221; use_border_color=&#8221;off&#8221; border_color=&#8221;#ffffff&#8221; border_style=&#8221;solid&#8221;]</p>
<p>O Código do Trabalho (CT), Lei 7/2009, diz-nos que todas as empresas devem assegurar a cada um dos seus trabalhadores um mínimo de 35 horas anuais de formação profissional contínua (art.º 131º).</p>
<p>Na área da Segurança e Saúde do Trabalho, podemos ainda ver no CT que o empregador deve assegurar formação adequada que habilite os trabalhadores a prevenir os riscos associados à respetiva atividade (art.º 282º) e na Lei 102/2009 (alterada pela Lei 3/2014) temos que o trabalhador deve receber uma formação adequada no domínio da segurança e saúde no trabalho, tendo em atenção o posto de trabalho, e que o empregador deve formar, em número suficiente, tendo em conta a dimensão da empresa e os riscos existentes, os trabalhadores responsáveis pela aplicação das medidas de primeiros socorros, de combate a incêndios e de evacuação de trabalhadores (art.º 20º).</p>
<p>A M.H.T. conta com a colaboração de formadores experientes e habilitados a formar os trabalhadores da sua empresa.</p>
<p>&nbsp;</p>
<p><strong>Áreas de formação disponíveis:</strong></p>
<ul>
<li>Primeiros Socorros e Suporte Básico de Vida</li>
<li>Meios de Combate a Incêndio e Procedimentos de Evacuação</li>
<li>Segurança e Saúde no Trabalho</li>
<li>Ergonomia</li>
<li>Outras</li>
</ul>
<p>[/et_pb_text][/et_pb_column][et_pb_column type=&#8221;1_3&#8243;][et_pb_image admin_label=&#8221;Image&#8221; src=&#8221;https://mht.pt/wp-content/uploads/2016/06/1378133336-f.jpg&#8221; show_in_lightbox=&#8221;off&#8221; url_new_window=&#8221;off&#8221; use_overlay=&#8221;off&#8221; animation=&#8221;left&#8221; sticky=&#8221;off&#8221; align=&#8221;left&#8221; force_fullwidth=&#8221;off&#8221; always_center_on_mobile=&#8221;on&#8221; use_border_color=&#8221;off&#8221; border_color=&#8221;#ffffff&#8221; border_style=&#8221;solid&#8221;] [/et_pb_image][/et_pb_column][/et_pb_row][/et_pb_section]</p>

<p>[et_pb_section admin_label=&#8221;Section&#8221; fullwidth=&#8221;off&#8221; specialty=&#8221;off&#8221; background_image=&#8221;https://mht.pt/wp-content/uploads/2016/05/formaçao.jpg&#8221; transparent_background=&#8221;off&#8221; background_color=&#8221;#ffffff&#8221; allow_player_pause=&#8221;off&#8221; inner_shadow=&#8221;off&#8221; parallax=&#8221;off&#8221; parallax_method=&#8221;off&#8221; padding_mobile=&#8221;off&#8221; make_fullwidth=&#8221;off&#8221; use_custom_width=&#8221;off&#8221; width_unit=&#8221;on&#8221; make_equal=&#8221;off&#8221; use_custom_gutter=&#8221;off&#8221;][et_pb_row admin_label=&#8221;Row&#8221;][et_pb_column type=&#8221;4_4&#8243;][et_pb_text admin_label=&#8221;Text&#8221; background_layout=&#8221;light&#8221; text_orientation=&#8221;center&#8221; use_border_color=&#8221;off&#8221; border_color=&#8221;#ffffff&#8221; border_style=&#8221;solid&#8221;] Formação Profissional [/et_pb_text][/et_pb_column][/et_pb_row][/et_pb_section][et_pb_section admin_label=&#8221;section&#8221;][et_pb_row admin_label=&#8221;Row&#8221;][et_pb_column type=&#8221;2_3&#8243;][et_pb_text admin_label=&#8221;Text&#8221; background_layout=&#8221;light&#8221; text_orientation=&#8221;left&#8221; use_border_color=&#8221;off&#8221; border_color=&#8221;#ffffff&#8221; border_style=&#8221;solid&#8221;] O Código do Trabalho (CT), Lei 7/2009, diz-nos que todas as empresas devem assegurar a cada um dos [&hellip;]</p>
