{"id":13,"date":"2014-04-28T15:38:03","date_gmt":"2014-04-28T14:38:03","guid":{"rendered":"http:\/\/wp.insite.pt\/?page_id=13"},"modified":"2016-06-22T12:26:27","modified_gmt":"2016-06-22T11:26:27","slug":"quem-somos","status":"publish","type":"page","link":"https:\/\/mht.pt\/?page_id=13","title":{"rendered":"Quem Somos"},"content":{"rendered":"<p>[et_pb_section admin_label=&#8221;Section&#8221; fullwidth=&#8221;off&#8221; specialty=&#8221;off&#8221; background_image=&#8221;https:\/\/mht.pt\/wp-content\/uploads\/2016\/05\/quem-somos.jpg&#8221; transparent_background=&#8221;off&#8221; background_color=&#8221;#ffffff&#8221; allow_player_pause=&#8221;off&#8221; inner_shadow=&#8221;off&#8221; parallax=&#8221;off&#8221; parallax_method=&#8221;off&#8221; padding_mobile=&#8221;off&#8221; make_fullwidth=&#8221;off&#8221; use_custom_width=&#8221;off&#8221; width_unit=&#8221;on&#8221; make_equal=&#8221;off&#8221; use_custom_gutter=&#8221;off&#8221;][et_pb_row admin_label=&#8221;Row&#8221;][et_pb_column type=&#8221;4_4&#8243;][et_pb_text admin_label=&#8221;Text&#8221; background_layout=&#8221;light&#8221; text_orientation=&#8221;center&#8221; use_border_color=&#8221;off&#8221; border_color=&#8221;#ffffff&#8221; border_style=&#8221;solid&#8221;]<\/p>\n<h1>Quem somos<\/h1>\n<p>[\/et_pb_text][\/et_pb_column][\/et_pb_row][\/et_pb_section][et_pb_section admin_label=&#8221;section&#8221;][et_pb_row admin_label=&#8221;Row&#8221;][et_pb_column type=&#8221;2_3&#8243;][et_pb_text admin_label=&#8221;Text&#8221; background_layout=&#8221;light&#8221; text_orientation=&#8221;left&#8221; use_border_color=&#8221;off&#8221; border_color=&#8221;#ffffff&#8221; border_style=&#8221;solid&#8221;]<\/p>\n<p>A M.H.T iniciou a sua atividade em 1998, tendo em vista dar resposta \u00e0s necessidades que se apresentam a todas as empresas. Com a obrigatoriedade da implementa\u00e7\u00e3o da Lei n\u00ba 102\/2009, alterada pela Lei n\u00ba 3\/2014, a M.H.T. visa a cria\u00e7\u00e3o de novos servi\u00e7os de medicina, higiene e seguran\u00e7a no trabalho e o respetivo acompanhamento dos seus clientes.<\/p>\n<p>\u00c9 uma empresa autorizada pela <strong>ACT<\/strong> (Autoridade para as Condi\u00e7\u00f5es do Trabalho), pela <strong>DGS<\/strong> (Dire\u00e7\u00e3o Geral da Sa\u00fade) e registada na <strong>ERS<\/strong> (Entidade Reguladora da Sa\u00fade).<\/p>\n<p>A nossa empresa possui um corpo t\u00e9cnico altamente especializado, constitu\u00eddo exclusivamente por m\u00e9dicos com especialidade em medicina do trabalho, engenheiros, t\u00e9cnicos superiores de higiene e seguran\u00e7a certificados e pessoal administrativo.<br \/>\nEstes quadros est\u00e3o preparados para levar \u00e0s empresas e institui\u00e7\u00f5es publicas e privadas, solu\u00e7\u00f5es flex\u00edveis e totalmente adaptadas \u00e0s necessidades dos nossos clientes.<\/p>\n<p>A empresa M.H.T possui sede e consult\u00f3rios em Lisboa, situados na Av. 5 de Outubro, local estrat\u00e9gico, onde neste momento se encontram as sedes das principais empresas e bancos nacionais e estrangeiros, possuindo esta\u00e7\u00f5es de transportes ferrovi\u00e1rios, rodovi\u00e1rios e metropolitano, que ligam Lisboa \u00e0 maioria das localidades na periferia.<\/p>\n<p>Prestamos v\u00e1rios servi\u00e7os como:<\/p>\n<ul>\n<li>Medicina no Trabalho<\/li>\n<li>Higiene e Seguran\u00e7a<\/li>\n<li>Forma\u00e7\u00f5es<\/li>\n<li>Material de Combate a Inc\u00eandios<\/li>\n<li>Controlo de Pragas<\/li>\n<\/ul>\n<p><a href=\"http:\/\/www.arbitragemdeconsumo.org\/index.php\" target=\"_blank\"><img decoding=\"async\" src=\"http:\/\/media.iolnegocios.pt\/media1201\/e4780cec0f120f287a7d79df29146018\/\" alt=\"\" \/><\/a><\/p>\n<p>[\/et_pb_text][\/et_pb_column][et_pb_column type=&#8221;1_3&#8243;][et_pb_sidebar admin_label=&#8221;Sidebar&#8221; orientation=&#8221;right&#8221; area=&#8221;sidebar-1&#8243; background_layout=&#8221;light&#8221; remove_border=&#8221;off&#8221;] [\/et_pb_sidebar][\/et_pb_column][\/et_pb_row][\/et_pb_section]<\/p>\n","protected":false},"excerpt":{"rendered":"<p>[et_pb_section admin_label=&#8221;Section&#8221; fullwidth=&#8221;off&#8221; specialty=&#8221;off&#8221; background_image=&#8221;https:\/\/mht.pt\/wp-content\/uploads\/2016\/05\/quem-somos.jpg&#8221; transparent_background=&#8221;off&#8221; background_color=&#8221;#ffffff&#8221; allow_player_pause=&#8221;off&#8221; inner_shadow=&#8221;off&#8221; parallax=&#8221;off&#8221; parallax_method=&#8221;off&#8221; padding_mobile=&#8221;off&#8221; make_fullwidth=&#8221;off&#8221; use_custom_width=&#8221;off&#8221; width_unit=&#8221;on&#8221; make_equal=&#8221;off&#8221; use_custom_gutter=&#8221;off&#8221;][et_pb_row admin_label=&#8221;Row&#8221;][et_pb_column type=&#8221;4_4&#8243;][et_pb_text admin_label=&#8221;Text&#8221; background_layout=&#8221;light&#8221; text_orientation=&#8221;center&#8221; use_border_color=&#8221;off&#8221; border_color=&#8221;#ffffff&#8221; border_style=&#8221;solid&#8221;] Quem somos [\/et_pb_text][\/et_pb_column][\/et_pb_row][\/et_pb_section][et_pb_section admin_label=&#8221;section&#8221;][et_pb_row admin_label=&#8221;Row&#8221;][et_pb_column type=&#8221;2_3&#8243;][et_pb_text admin_label=&#8221;Text&#8221; background_layout=&#8221;light&#8221; text_orientation=&#8221;left&#8221; use_border_color=&#8221;off&#8221; border_color=&#8221;#ffffff&#8221; border_style=&#8221;solid&#8221;] A M.H.T iniciou a sua atividade em 1998, tendo em vista dar resposta \u00e0s necessidades que se apresentam [&hellip;]<\/p>\n","protected":false},"author":1,"featured_media":0,"parent":0,"menu_order":0,"comment_status":"closed","ping_status":"closed","template":"","meta":{"footnotes":""},"_links":{"self":[{"href":"https:\/\/mht.pt\/index.php?rest_route=\/wp\/v2\/pages\/13"}],"collection":[{"href":"https:\/\/mht.pt\/index.php?rest_route=\/wp\/v2\/pages"}],"about":[{"href":"https:\/\/mht.pt\/index.php?rest_route=\/wp\/v2\/types\/page"}],"author":[{"embeddable":true,"href":"https:\/\/mht.pt\/index.php?rest_route=\/wp\/v2\/users\/1"}],"replies":[{"embeddable":true,"href":"https:\/\/mht.pt\/index.php?rest_route=%2Fwp%2Fv2%2Fcomments&post=13"}],"version-history":[{"count":13,"href":"https:\/\/mht.pt\/index.php?rest_route=\/wp\/v2\/pages\/13\/revisions"}],"predecessor-version":[{"id":116,"href":"https:\/\/mht.pt\/index.php?rest_route=\/wp\/v2\/pages\/13\/revisions\/116"}],"wp:attachment":[{"href":"https:\/\/mht.pt\/index.php?rest_route=%2Fwp%2Fv2%2Fmedia&parent=13"}],"curies":[{"name":"wp","href":"https:\/\/api.w.org\/{rel}","templated":true}]}}